{"id":783,"date":"2024-05-02T05:17:50","date_gmt":"2024-05-02T03:17:50","guid":{"rendered":"https:\/\/reservasincreibledemo.shop\/cabanas\/?post_type=product&#038;p=783"},"modified":"2024-05-02T05:17:50","modified_gmt":"2024-05-02T03:17:50","slug":"demo-pupup","status":"publish","type":"product","link":"https:\/\/reservasincreibledemo.shop\/cabanas\/producto\/demo-pupup\/","title":{"rendered":"Demo Pupup"},"content":{"rendered":"<div class=\"mp-start-demo\">\n\t\t\t<button class=\"mp-demo-popup-link-popup mfp-ajax\" data-slug=\"try-demo-popup\">Crear Demo Gratis<\/button>\n\t\n\t<form action=\"https:\/\/reservasincreibledemo.shop\/cabanas\/producto\/demo-pupup\/\" method=\"post\" enctype=\"multipart\/form-data\" id=\"try-demo-popup\"\n\t      class=\"try-demo-popup\" style=\"display: none;\">\n\t\t<input name=\"mp_demo_create_sandbox\" type=\"hidden\" value=\"1\">\n\n\t\t\n\t\t\t\t\t<h3 class=\"mp-form-title\">Para crear tu sitio web gratis de demostraci\u00f3n, proporciona los siguientes datos<\/h3>\n\t\t\t\t<p class=\"input-wrapper\">\n\t\t\t\t\t\t\t<label for=\"mp_email\">Tu correo electr\u00f3nico<\/label>\n\t\t\t\t\t\t<input type=\"email\" id=\"mp_email\" name=\"mp_email\" class=\"mp-demo-email\" placeholder=\"ejemplo@mail.com\" required>\n\t\t\t\t\t\t\t<br>\n\t\t\t\t<i>Se enviar\u00e1 un correo electr\u00f3nico de activaci\u00f3n a esta direcci\u00f3n de correo electr\u00f3nico. Despu\u00e9s de la confirmaci\u00f3n, ser\u00e1 redirigido al Panel de Reservas Incre\u00edble . <\/i>\n\t\t\t\t\t<\/p>\n\t\t\t\t\t<input name=\"mp_source_id\" type=\"hidden\" value=\"12\">\n\t\t\t\t\t\t<p>\n\t\t\t<input type=\"submit\" name=\"submit\" id=\"mp_submit\" value=\"Crear Demo Gratis \"\n\t\t\t\tclass=\"\">\n\t\t\t<img decoding=\"async\" src=\"https:\/\/reservasincreibledemo.shop\/cabanas\/wp-content\/plugins\/motopress-demo\/assets\/images\/loader.gif\" class=\"mp-loader\">\n\t\t<\/p>\n\t\t<div class=\"mp-message\">\n\t\t\t<p class=\"mp-body\">\n\t\t\t\t<span class=\"mp-demo-success\">An activation email was sent to your email address.<\/span>\n\t\t\t\t<span class=\"mp-demo-fail\">An error has occurred. Please notify the website Administrator. <span class=\"mp-errors\"><\/span><\/span>\n\t\t\t<\/p>\n\t\t<\/div>\n\t\t\n\t\t\n\t<\/form>\n<\/div>\n\n","protected":false},"excerpt":{"rendered":"","protected":false},"featured_media":0,"comment_status":"open","ping_status":"closed","template":"","meta":{"inline_featured_image":false},"product_brand":[],"product_cat":[15],"product_tag":[],"class_list":{"0":"post-783","1":"product","2":"type-product","3":"status-publish","5":"product_cat-sin-categorizar","7":"first","8":"instock","9":"shipping-taxable","10":"product-type-simple"},"_links":{"self":[{"href":"https:\/\/reservasincreibledemo.shop\/cabanas\/wp-json\/wp\/v2\/product\/783","targetHints":{"allow":["GET"]}}],"collection":[{"href":"https:\/\/reservasincreibledemo.shop\/cabanas\/wp-json\/wp\/v2\/product"}],"about":[{"href":"https:\/\/reservasincreibledemo.shop\/cabanas\/wp-json\/wp\/v2\/types\/product"}],"replies":[{"embeddable":true,"href":"https:\/\/reservasincreibledemo.shop\/cabanas\/wp-json\/wp\/v2\/comments?post=783"}],"wp:attachment":[{"href":"https:\/\/reservasincreibledemo.shop\/cabanas\/wp-json\/wp\/v2\/media?parent=783"}],"wp:term":[{"taxonomy":"product_brand","embeddable":true,"href":"https:\/\/reservasincreibledemo.shop\/cabanas\/wp-json\/wp\/v2\/product_brand?post=783"},{"taxonomy":"product_cat","embeddable":true,"href":"https:\/\/reservasincreibledemo.shop\/cabanas\/wp-json\/wp\/v2\/product_cat?post=783"},{"taxonomy":"product_tag","embeddable":true,"href":"https:\/\/reservasincreibledemo.shop\/cabanas\/wp-json\/wp\/v2\/product_tag?post=783"}],"curies":[{"name":"wp","href":"https:\/\/api.w.org\/{rel}","templated":true}]}}