{"id":358,"date":"2019-07-10T14:40:32","date_gmt":"2019-07-10T14:40:32","guid":{"rendered":"https:\/\/themes.getmotopress.com\/luviana\/?page_id=358"},"modified":"2024-05-02T21:37:15","modified_gmt":"2024-05-02T19:37:15","slug":"offers","status":"publish","type":"page","link":"https:\/\/reservasincreibledemo.shop\/resort\/home\/offers\/","title":{"rendered":"Actividades"},"content":{"rendered":"\n<p>Ofrecemos un mont\u00f3n de ofertas diferentes que pueden ser de su inter\u00e9s. En nuestros hoteles le encontraremos cualquier tipo de entretenimiento teniendo en cuenta sus deseos. \u00a1Hay recorridos, excursiones, exposiciones y ferias comerciales que te fascinar\u00e1n!<\/p>\n\n\n\n<!--more-->\n\n\n\n<div style=\"height:50px\" aria-hidden=\"true\" class=\"wp-block-spacer\"><\/div>\n\n\n\n<div class=\"wp-block-getwid-section alignfull alignfull getwid-margin-top-none getwid-margin-bottom-none\"><div class=\"wp-block-getwid-section__wrapper getwid-padding-top-none getwid-padding-bottom-normal getwid-padding-left-medium getwid-padding-right-medium getwid-padding-mobile-left-small getwid-padding-mobile-right-small\"><div class=\"wp-block-getwid-section__inner-wrapper\"><div class=\"wp-block-getwid-section__background-holder\"><div class=\"wp-block-getwid-section__background\"><\/div><div class=\"wp-block-getwid-section__foreground\"><\/div><\/div><div class=\"wp-block-getwid-section__content\"><div class=\"wp-block-getwid-section__inner-content\">\n<div class=\"wp-block-columns has-3-columns is-layout-flex wp-container-core-columns-is-layout-9d6595d7 wp-block-columns-is-layout-flex\">\n<div class=\"wp-block-column is-layout-flow wp-block-column-is-layout-flow\">\n<div class=\"wp-block-getwid-icon-box has-text-center\"><div style=\"margin-bottom:0px\" class=\"wp-block-getwid-icon-box__icon-container is-position-top\"><div class=\"wp-block-getwid-icon-box__icon-wrapper has-text-color has-gold-color\" style=\"font-size:60px;padding:0px\"><i class=\"hotel-ico hotel-icon-24\"><\/i><\/div><\/div><div class=\"wp-block-getwid-icon-box__content\">\n<div class=\"wp-block-getwid-advanced-heading\" style=\"margin-bottom:20px\"><h4 class=\"wp-block-getwid-advanced-heading__content\">Piscina<\/h4><\/div>\n\n\n\n<p>Puede pasar tiempo activamente nadando en la piscina que le ofrecemos. Toallas, albornoces y zapatillas que recibir\u00e1s en la entrada.<\/p>\n<\/div><\/div>\n\n\n\n<div class=\"wp-block-button is-style-link aligncenter\"><a class=\"wp-block-button__link wp-element-button\" href=\"#\">Leer Mas<\/a><\/div>\n<\/div>\n\n\n\n<div class=\"wp-block-column is-layout-flow wp-block-column-is-layout-flow\">\n<div class=\"wp-block-getwid-icon-box has-text-center\"><div style=\"margin-bottom:0px\" class=\"wp-block-getwid-icon-box__icon-container is-position-top\"><div class=\"wp-block-getwid-icon-box__icon-wrapper has-text-color has-gold-color\" style=\"font-size:60px;padding:0px\"><i class=\"hotel-ico hotel-icon-21\"><\/i><\/div><\/div><div class=\"wp-block-getwid-icon-box__content\">\n<div class=\"wp-block-getwid-advanced-heading\" style=\"margin-bottom:20px\"><h4 class=\"wp-block-getwid-advanced-heading__content\">WiFi Areas<\/h4><\/div>\n\n\n\n<p>En nuestro hotel te conviertes en un WiFi gratuito para estar en contacto con tus familiares y amigos mientras descansas.<\/p>\n<\/div><\/div>\n\n\n\n<div class=\"wp-block-button is-style-link aligncenter\"><a class=\"wp-block-button__link wp-element-button\" href=\"#\">Leer Mas<\/a><\/div>\n<\/div>\n\n\n\n<div class=\"wp-block-column is-layout-flow wp-block-column-is-layout-flow\">\n<div class=\"wp-block-getwid-icon-box has-text-center\"><div style=\"margin-bottom:0px\" class=\"wp-block-getwid-icon-box__icon-container is-position-top\"><div class=\"wp-block-getwid-icon-box__icon-wrapper has-text-color has-gold-color\" style=\"font-size:60px;padding:0px\"><i class=\"hotel-ico hotel-icon-31\"><\/i><\/div><\/div><div class=\"wp-block-getwid-icon-box__content\">\n<div class=\"wp-block-getwid-advanced-heading\" style=\"margin-bottom:20px\"><h4 class=\"wp-block-getwid-advanced-heading__content\">Playa Privada<\/h4><\/div>\n\n\n\n<p>Tambi\u00e9n contamos con una playa privada donde podr\u00e1s nadar en el agua limpia del mar, broncearte y tomar una bebida refrescante.<\/p>\n<\/div><\/div>\n\n\n\n<div class=\"wp-block-button is-style-link aligncenter\"><a class=\"wp-block-button__link wp-element-button\" href=\"#\">Leer Mas<\/a><\/div>\n<\/div>\n<\/div>\n<\/div><\/div><\/div><\/div><\/div>\n\n\n\n<div class=\"wp-block-getwid-section alignfull alignfull getwid-margin-top-none getwid-margin-bottom-none\"><div class=\"wp-block-getwid-section__wrapper getwid-padding-top-none getwid-padding-bottom-large getwid-padding-left-medium getwid-padding-right-medium getwid-padding-mobile-left-small getwid-padding-mobile-right-small\"><div class=\"wp-block-getwid-section__inner-wrapper\"><div class=\"wp-block-getwid-section__background-holder\"><div class=\"wp-block-getwid-section__background\"><\/div><div class=\"wp-block-getwid-section__foreground\"><\/div><\/div><div class=\"wp-block-getwid-section__content\"><div class=\"wp-block-getwid-section__inner-content\">\n<div class=\"wp-block-columns has-2-columns is-layout-flex wp-container-core-columns-is-layout-9d6595d7 wp-block-columns-is-layout-flex\">\n<div class=\"wp-block-column is-layout-flow wp-block-column-is-layout-flow\">\n<div class=\"wp-block-getwid-banner has-animation-style4 has-text-animation-opacity-bottom has-foreground-0\"><a href=\"#\" class=\"wp-block-getwid-banner__link\"><div class=\"wp-block-getwid-banner__wrapper\"><img loading=\"lazy\" decoding=\"async\" width=\"1024\" height=\"719\" src=\"https:\/\/themes.getmotopress.com\/luviana\/wp-content\/uploads\/sites\/27\/2019\/07\/surfing-lessons-1024x719.jpg\" alt=\"\" class=\"wp-block-getwid-banner__image wp-block-getwid-banner__source wp-image-509\" srcset=\"https:\/\/reservasincreibledemo.shop\/resort\/wp-content\/uploads\/sites\/23\/2019\/07\/surfing-lessons-1024x719.jpg 1024w, https:\/\/reservasincreibledemo.shop\/resort\/wp-content\/uploads\/sites\/23\/2019\/07\/surfing-lessons-300x211.jpg 300w, https:\/\/reservasincreibledemo.shop\/resort\/wp-content\/uploads\/sites\/23\/2019\/07\/surfing-lessons-768x539.jpg 768w, https:\/\/reservasincreibledemo.shop\/resort\/wp-content\/uploads\/sites\/23\/2019\/07\/surfing-lessons-1536x1078.jpg 1536w, https:\/\/reservasincreibledemo.shop\/resort\/wp-content\/uploads\/sites\/23\/2019\/07\/surfing-lessons-1170x821.jpg 1170w, https:\/\/reservasincreibledemo.shop\/resort\/wp-content\/uploads\/sites\/23\/2019\/07\/surfing-lessons-600x421.jpg 600w, https:\/\/reservasincreibledemo.shop\/resort\/wp-content\/uploads\/sites\/23\/2019\/07\/surfing-lessons.jpg 1600w\" sizes=\"auto, (max-width: 1024px) 100vw, 1024px\" \/><div class=\"wp-block-getwid-banner__caption\"><div class=\"wp-block-getwid-banner__caption-wrapper\"><span class=\"wp-block-getwid-banner__title\"><strong>Surfing Lessons<\/strong><\/span><p class=\"wp-block-getwid-banner__text\">Master a new activity and conquer effusive waves at our seaside with professional coach.  <\/p><\/div><\/div><\/div><\/a><\/div>\n<\/div>\n\n\n\n<div class=\"wp-block-column is-layout-flow wp-block-column-is-layout-flow\">\n<div class=\"wp-block-getwid-banner has-animation-style4 has-text-animation-opacity-bottom has-foreground-0\"><a href=\"#\" class=\"wp-block-getwid-banner__link\"><div class=\"wp-block-getwid-banner__wrapper\"><img loading=\"lazy\" decoding=\"async\" width=\"1024\" height=\"719\" src=\"https:\/\/themes.getmotopress.com\/luviana\/wp-content\/uploads\/sites\/27\/2019\/07\/divingsnorkling-1024x719.jpg\" alt=\"\" class=\"wp-block-getwid-banner__image wp-block-getwid-banner__source wp-image-510\" srcset=\"https:\/\/reservasincreibledemo.shop\/resort\/wp-content\/uploads\/sites\/23\/2019\/07\/divingsnorkling-1024x719.jpg 1024w, https:\/\/reservasincreibledemo.shop\/resort\/wp-content\/uploads\/sites\/23\/2019\/07\/divingsnorkling-300x211.jpg 300w, https:\/\/reservasincreibledemo.shop\/resort\/wp-content\/uploads\/sites\/23\/2019\/07\/divingsnorkling-768x539.jpg 768w, https:\/\/reservasincreibledemo.shop\/resort\/wp-content\/uploads\/sites\/23\/2019\/07\/divingsnorkling-1536x1078.jpg 1536w, https:\/\/reservasincreibledemo.shop\/resort\/wp-content\/uploads\/sites\/23\/2019\/07\/divingsnorkling-1170x821.jpg 1170w, https:\/\/reservasincreibledemo.shop\/resort\/wp-content\/uploads\/sites\/23\/2019\/07\/divingsnorkling-600x421.jpg 600w, https:\/\/reservasincreibledemo.shop\/resort\/wp-content\/uploads\/sites\/23\/2019\/07\/divingsnorkling.jpg 1600w\" sizes=\"auto, (max-width: 1024px) 100vw, 1024px\" \/><div class=\"wp-block-getwid-banner__caption\"><div class=\"wp-block-getwid-banner__caption-wrapper\"><span class=\"wp-block-getwid-banner__title\"><strong>Diving &amp; Snorkling<\/strong><\/span><p class=\"wp-block-getwid-banner__text\">Discover the underwater world of marine creatures and unexplored locations with us.<\/p><\/div><\/div><\/div><\/a><\/div>\n<\/div>\n<\/div>\n<\/div><\/div><\/div><\/div><\/div>\n\n\n\n<div class=\"wp-block-getwid-section alignfull alignfull getwid-margin-top-none getwid-margin-bottom-none\"><div class=\"wp-block-getwid-section__wrapper getwid-padding-top-none getwid-padding-bottom-none getwid-padding-left-medium getwid-padding-right-medium getwid-padding-mobile-left-small getwid-padding-mobile-right-small\"><div class=\"wp-block-getwid-section__inner-wrapper\"><div class=\"wp-block-getwid-section__background-holder\"><div class=\"wp-block-getwid-section__background\" style=\"background-image:url('https:\/\/themes.getmotopress.com\/luviana\/wp-content\/uploads\/sites\/27\/2019\/07\/facilities.jpg')\"><div class=\"wp-block-getwid-section__background-image-wrapper\"><img decoding=\"async\" class=\"wp-block-getwid-section__background-image\" src=\"https:\/\/themes.getmotopress.com\/luviana\/wp-content\/uploads\/sites\/27\/2019\/07\/facilities.jpg\" alt=\"\"\/><\/div><\/div><div class=\"wp-block-getwid-section__foreground\"><\/div><\/div><div class=\"wp-block-getwid-section__content\"><div class=\"wp-block-getwid-section__inner-content\">\n<div class=\"wp-block-getwid-section\" style=\"margin-top:-60px;margin-bottom:-60px\"><div class=\"wp-block-getwid-section__wrapper getwid-padding-left-normal getwid-padding-right-normal getwid-margin-tablet-right-none\" style=\"margin-right:50%;padding-top:109px;padding-bottom:110px\"><div class=\"wp-block-getwid-section__inner-wrapper\"><div class=\"wp-block-getwid-section__background-holder\"><div class=\"wp-block-getwid-section__background has-background has-blue-background-color\"><\/div><div class=\"wp-block-getwid-section__foreground\" style=\"background-image:url('https:\/\/themes.getmotopress.com\/luviana\/wp-content\/uploads\/sites\/27\/2019\/07\/image_testimonials.png');background-position:top left;background-size:auto\"><\/div><\/div><div class=\"wp-block-getwid-section__content\"><div class=\"wp-block-getwid-section__inner-content\">\n<div class=\"wp-block-getwid-advanced-heading has-custom-font-size\" style=\"font-size:31px;margin-bottom:40px\"><h3 class=\"wp-block-getwid-advanced-heading__content has-text-color has-white-color\">Instalaciones<\/h3><\/div>\n\n\n\n<p class=\"has-white-color has-text-color\">Luviana brinda a todos los hu\u00e9spedes las comodidades necesarias para que su experiencia en nuestro hotel sea inolvidable y placentera. Nos preocupamos por su estad\u00eda aqu\u00ed y organizamos todas las instalaciones que necesita para su comodidad y un descanso no estresante aqu\u00ed.<\/p>\n\n\n\n<div style=\"height:30px\" aria-hidden=\"true\" class=\"wp-block-spacer\"><\/div>\n\n\n\n<div class=\"wp-block-columns has-3-columns is-layout-flex wp-container-core-columns-is-layout-9d6595d7 wp-block-columns-is-layout-flex\">\n<div class=\"wp-block-column is-layout-flow wp-block-column-is-layout-flow\">\n<div class=\"wp-block-getwid-icon-box has-text-center\"><div style=\"margin-bottom:12px\" class=\"wp-block-getwid-icon-box__icon-container has-layout-stacked is-position-top\"><div class=\"wp-block-getwid-icon-box__icon-wrapper has-background has-white-background-color has-text-color has-gold-color\" style=\"font-size:18px;padding:20px\"><i class=\"fas fa-tv\"><\/i><\/div><\/div><div class=\"wp-block-getwid-icon-box__content\">\n<div class=\"wp-block-getwid-advanced-heading\"><h6 class=\"wp-block-getwid-advanced-heading__content has-text-color has-white-color\">TV<\/h6><\/div>\n<\/div><\/div>\n\n\n\n<div class=\"wp-block-getwid-icon-box has-text-center\"><div style=\"margin-bottom:12px\" class=\"wp-block-getwid-icon-box__icon-container has-layout-stacked is-position-top\"><div class=\"wp-block-getwid-icon-box__icon-wrapper has-background has-white-background-color has-text-color has-gold-color\" style=\"font-size:18px;padding:20px\"><i class=\"fas fa-cocktail\"><\/i><\/div><\/div><div class=\"wp-block-getwid-icon-box__content\">\n<div class=\"wp-block-getwid-advanced-heading\"><h6 class=\"wp-block-getwid-advanced-heading__content has-text-color has-white-color\">Drinks<\/h6><\/div>\n<\/div><\/div>\n<\/div>\n\n\n\n<div class=\"wp-block-column is-layout-flow wp-block-column-is-layout-flow\">\n<div class=\"wp-block-getwid-icon-box has-text-center\"><div style=\"margin-bottom:12px\" class=\"wp-block-getwid-icon-box__icon-container has-layout-stacked is-position-top\"><div class=\"wp-block-getwid-icon-box__icon-wrapper has-background has-white-background-color has-text-color has-gold-color\" style=\"font-size:18px;padding:20px\"><i class=\"fas fa-bed\"><\/i><\/div><\/div><div class=\"wp-block-getwid-icon-box__content\">\n<div class=\"wp-block-getwid-advanced-heading\"><h6 class=\"wp-block-getwid-advanced-heading__content has-text-color has-white-color\">King Beds<\/h6><\/div>\n<\/div><\/div>\n\n\n\n<div class=\"wp-block-getwid-icon-box has-text-center\"><div style=\"margin-bottom:12px\" class=\"wp-block-getwid-icon-box__icon-container has-layout-stacked is-position-top\"><div class=\"wp-block-getwid-icon-box__icon-wrapper has-background has-white-background-color has-text-color has-gold-color\" style=\"font-size:18px;padding:20px\"><i class=\"fas fa-snowflake\"><\/i><\/div><\/div><div class=\"wp-block-getwid-icon-box__content\">\n<div class=\"wp-block-getwid-advanced-heading\"><h6 class=\"wp-block-getwid-advanced-heading__content has-text-color has-white-color\">Air conditioning<\/h6><\/div>\n<\/div><\/div>\n<\/div>\n\n\n\n<div class=\"wp-block-column is-layout-flow wp-block-column-is-layout-flow\">\n<div class=\"wp-block-getwid-icon-box has-text-center\"><div style=\"margin-bottom:12px\" class=\"wp-block-getwid-icon-box__icon-container has-layout-stacked is-position-top\"><div class=\"wp-block-getwid-icon-box__icon-wrapper has-background has-white-background-color has-text-color has-gold-color\" style=\"font-size:18px;padding:20px\"><i class=\"fas fa-smoking\"><\/i><\/div><\/div><div class=\"wp-block-getwid-icon-box__content\">\n<div class=\"wp-block-getwid-advanced-heading\"><h6 class=\"wp-block-getwid-advanced-heading__content has-text-color has-white-color\">Smoking Free<\/h6><\/div>\n<\/div><\/div>\n\n\n\n<div class=\"wp-block-getwid-icon-box has-text-center\"><div style=\"margin-bottom:12px\" class=\"wp-block-getwid-icon-box__icon-container has-layout-stacked is-position-top\"><div class=\"wp-block-getwid-icon-box__icon-wrapper has-background has-white-background-color has-text-color has-gold-color\" style=\"font-size:18px;padding:20px\"><i class=\"fas fa-bath\"><\/i><\/div><\/div><div class=\"wp-block-getwid-icon-box__content\">\n<div class=\"wp-block-getwid-advanced-heading\"><h6 class=\"wp-block-getwid-advanced-heading__content has-text-color has-white-color\">Bathrooms<\/h6><\/div>\n<\/div><\/div>\n<\/div>\n<\/div>\n<\/div><\/div><\/div><\/div><\/div>\n<\/div><\/div><\/div><\/div><\/div>\n\n\n\n<div class=\"wp-block-getwid-section alignfull alignfull getwid-margin-top-none getwid-margin-bottom-none\"><div class=\"wp-block-getwid-section__wrapper getwid-padding-top-large getwid-padding-bottom-none getwid-padding-left-medium getwid-padding-right-medium getwid-padding-mobile-left-small getwid-padding-mobile-right-small\"><div class=\"wp-block-getwid-section__inner-wrapper\"><div class=\"wp-block-getwid-section__background-holder\"><div class=\"wp-block-getwid-section__background\"><\/div><div class=\"wp-block-getwid-section__foreground\"><\/div><\/div><div class=\"wp-block-getwid-section__content\"><div class=\"wp-block-getwid-section__inner-content\">\n<div class=\"wp-block-columns has-2-columns is-layout-flex wp-container-core-columns-is-layout-9d6595d7 wp-block-columns-is-layout-flex\">\n<div class=\"wp-block-column is-layout-flow wp-block-column-is-layout-flow\">\n<div class=\"wp-block-getwid-section\"><div class=\"wp-block-getwid-section__wrapper getwid-padding-top-none getwid-padding-bottom-none getwid-padding-left-none getwid-padding-tablet-right-none\" style=\"padding-right:30px\"><div class=\"wp-block-getwid-section__inner-wrapper\"><div class=\"wp-block-getwid-section__background-holder\"><div class=\"wp-block-getwid-section__background\"><\/div><div class=\"wp-block-getwid-section__foreground\"><\/div><\/div><div class=\"wp-block-getwid-section__content\"><div class=\"wp-block-getwid-section__inner-content\">\n<div class=\"wp-block-getwid-advanced-heading is-style-style-1 has-custom-font-size\" style=\"font-size:12px;margin-bottom:10px\"><p class=\"wp-block-getwid-advanced-heading__content\" style=\"text-transform:uppercase;letter-spacing:1px\">NUESTRAS AMENIDADES<\/p><\/div>\n\n\n\n<div class=\"wp-block-getwid-advanced-heading is-style-default\" style=\"margin-bottom:30px\"><h2 class=\"wp-block-getwid-advanced-heading__content\" style=\"text-transform:none;letter-spacing:1px\">Paseo en Bote<\/h2><\/div>\n\n\n\n<p>Una gran variedad de yates para que usted elija y participe en espl\u00e9ndidos paseos en barco por las bah\u00edas m\u00e1s hermosas con paisajes impresionantes; todo esto lo puede conseguir a la hora del hotel. Ofrecemos las actividades m\u00e1s exclusivas para diversificar sus vacaciones.<\/p>\n\n\n\n<p>Para realizar un recorrido de este tipo, todo lo que necesita es llamar a la recepcionista e informarle sobre sus anhelos. \u00a1El resto lo organizamos nosotros mismos para tu viaje inolvidable!<\/p>\n\n\n\n<div style=\"height:20px\" aria-hidden=\"true\" class=\"wp-block-spacer\"><\/div>\n\n\n\n<div class=\"wp-block-button is-style-default\"><a class=\"wp-block-button__link wp-element-button\" href=\"#\">Leer Mas<\/a><\/div>\n<\/div><\/div><\/div><\/div><\/div>\n<\/div>\n\n\n\n<div class=\"wp-block-column is-layout-flow wp-block-column-is-layout-flow\">\n<div class=\"wp-block-getwid-images-stack is-layout-delta\"><div class=\"wp-block-getwid-images-stack__wrapper\"><div class=\"wp-block-getwid-images-stack__chunk\"><div class=\"wp-block-getwid-images-stack__media-wrapper\"><div class=\"wp-block-getwid-images-stack__media-inner-wrapper\"><img loading=\"lazy\" decoding=\"async\" width=\"1024\" height=\"1024\" class=\"wp-block-getwid-images-stack__media wp-image-497\" src=\"https:\/\/themes.getmotopress.com\/luviana\/wp-content\/uploads\/sites\/27\/2019\/07\/boat-tours-3-1024x1024.jpg\" data-id=\"497\" data-link=\"https:\/\/themes.getmotopress.com\/luviana\/luviana-hotel-amenities\/boat-tours-3\/\" srcset=\"https:\/\/reservasincreibledemo.shop\/resort\/wp-content\/uploads\/sites\/23\/2019\/07\/boat-tours-3-1024x1024.jpg 1024w, https:\/\/reservasincreibledemo.shop\/resort\/wp-content\/uploads\/sites\/23\/2019\/07\/boat-tours-3-300x300.jpg 300w, https:\/\/reservasincreibledemo.shop\/resort\/wp-content\/uploads\/sites\/23\/2019\/07\/boat-tours-3-150x150.jpg 150w, https:\/\/reservasincreibledemo.shop\/resort\/wp-content\/uploads\/sites\/23\/2019\/07\/boat-tours-3-768x768.jpg 768w, https:\/\/reservasincreibledemo.shop\/resort\/wp-content\/uploads\/sites\/23\/2019\/07\/boat-tours-3-1536x1536.jpg 1536w, https:\/\/reservasincreibledemo.shop\/resort\/wp-content\/uploads\/sites\/23\/2019\/07\/boat-tours-3-1170x1170.jpg 1170w, https:\/\/reservasincreibledemo.shop\/resort\/wp-content\/uploads\/sites\/23\/2019\/07\/boat-tours-3-992x992.jpg 992w, https:\/\/reservasincreibledemo.shop\/resort\/wp-content\/uploads\/sites\/23\/2019\/07\/boat-tours-3-600x600.jpg 600w, https:\/\/reservasincreibledemo.shop\/resort\/wp-content\/uploads\/sites\/23\/2019\/07\/boat-tours-3-100x100.jpg 100w, https:\/\/reservasincreibledemo.shop\/resort\/wp-content\/uploads\/sites\/23\/2019\/07\/boat-tours-3.jpg 1600w\" sizes=\"auto, (max-width: 1024px) 100vw, 1024px\" \/><\/div><\/div><div class=\"wp-block-getwid-images-stack__media-wrapper\"><div class=\"wp-block-getwid-images-stack__media-inner-wrapper\"><img loading=\"lazy\" decoding=\"async\" width=\"1024\" height=\"691\" class=\"wp-block-getwid-images-stack__media wp-image-498\" src=\"https:\/\/themes.getmotopress.com\/luviana\/wp-content\/uploads\/sites\/27\/2019\/07\/boat-tours-2-1024x691.jpg\" data-id=\"498\" data-link=\"https:\/\/themes.getmotopress.com\/luviana\/luviana-hotel-amenities\/boat-tours-2\/\" srcset=\"https:\/\/reservasincreibledemo.shop\/resort\/wp-content\/uploads\/sites\/23\/2019\/07\/boat-tours-2-1024x691.jpg 1024w, https:\/\/reservasincreibledemo.shop\/resort\/wp-content\/uploads\/sites\/23\/2019\/07\/boat-tours-2-300x202.jpg 300w, https:\/\/reservasincreibledemo.shop\/resort\/wp-content\/uploads\/sites\/23\/2019\/07\/boat-tours-2-768x518.jpg 768w, https:\/\/reservasincreibledemo.shop\/resort\/wp-content\/uploads\/sites\/23\/2019\/07\/boat-tours-2-1536x1036.jpg 1536w, https:\/\/reservasincreibledemo.shop\/resort\/wp-content\/uploads\/sites\/23\/2019\/07\/boat-tours-2-1170x789.jpg 1170w, https:\/\/reservasincreibledemo.shop\/resort\/wp-content\/uploads\/sites\/23\/2019\/07\/boat-tours-2-600x405.jpg 600w, https:\/\/reservasincreibledemo.shop\/resort\/wp-content\/uploads\/sites\/23\/2019\/07\/boat-tours-2.jpg 1600w\" sizes=\"auto, (max-width: 1024px) 100vw, 1024px\" \/><\/div><\/div><div class=\"wp-block-getwid-images-stack__media-wrapper\"><div class=\"wp-block-getwid-images-stack__media-inner-wrapper\"><img loading=\"lazy\" decoding=\"async\" width=\"1024\" height=\"689\" class=\"wp-block-getwid-images-stack__media wp-image-499\" src=\"https:\/\/themes.getmotopress.com\/luviana\/wp-content\/uploads\/sites\/27\/2019\/07\/boat-tours-1-1024x689.jpg\" data-id=\"499\" data-link=\"https:\/\/themes.getmotopress.com\/luviana\/luviana-hotel-amenities\/boat-tours-1\/\" srcset=\"https:\/\/reservasincreibledemo.shop\/resort\/wp-content\/uploads\/sites\/23\/2019\/07\/boat-tours-1-1024x689.jpg 1024w, https:\/\/reservasincreibledemo.shop\/resort\/wp-content\/uploads\/sites\/23\/2019\/07\/boat-tours-1-300x202.jpg 300w, https:\/\/reservasincreibledemo.shop\/resort\/wp-content\/uploads\/sites\/23\/2019\/07\/boat-tours-1-768x517.jpg 768w, https:\/\/reservasincreibledemo.shop\/resort\/wp-content\/uploads\/sites\/23\/2019\/07\/boat-tours-1-1536x1034.jpg 1536w, https:\/\/reservasincreibledemo.shop\/resort\/wp-content\/uploads\/sites\/23\/2019\/07\/boat-tours-1-1170x788.jpg 1170w, https:\/\/reservasincreibledemo.shop\/resort\/wp-content\/uploads\/sites\/23\/2019\/07\/boat-tours-1-600x404.jpg 600w, https:\/\/reservasincreibledemo.shop\/resort\/wp-content\/uploads\/sites\/23\/2019\/07\/boat-tours-1.jpg 1600w\" sizes=\"auto, (max-width: 1024px) 100vw, 1024px\" \/><\/div><\/div><\/div><\/div><\/div>\n<\/div>\n<\/div>\n<\/div><\/div><\/div><\/div><\/div>\n","protected":false},"excerpt":{"rendered":"<p>El hotel est\u00e1 distribuido en tres plantas a orillas del mar. En la planta baja, adem\u00e1s de la recepci\u00f3n, hay un c\u00f3modo sal\u00f3n donde sentarse y tomar un t\u00e9.<\/p>\n","protected":false},"author":1,"featured_media":363,"parent":1032,"menu_order":0,"comment_status":"closed","ping_status":"closed","template":"","meta":{"inline_featured_image":false,"footnotes":""},"class_list":["post-358","page","type-page","status-publish","has-post-thumbnail","hentry"],"_links":{"self":[{"href":"https:\/\/reservasincreibledemo.shop\/resort\/wp-json\/wp\/v2\/pages\/358","targetHints":{"allow":["GET"]}}],"collection":[{"href":"https:\/\/reservasincreibledemo.shop\/resort\/wp-json\/wp\/v2\/pages"}],"about":[{"href":"https:\/\/reservasincreibledemo.shop\/resort\/wp-json\/wp\/v2\/types\/page"}],"author":[{"embeddable":true,"href":"https:\/\/reservasincreibledemo.shop\/resort\/wp-json\/wp\/v2\/users\/1"}],"replies":[{"embeddable":true,"href":"https:\/\/reservasincreibledemo.shop\/resort\/wp-json\/wp\/v2\/comments?post=358"}],"version-history":[{"count":1,"href":"https:\/\/reservasincreibledemo.shop\/resort\/wp-json\/wp\/v2\/pages\/358\/revisions"}],"predecessor-version":[{"id":1067,"href":"https:\/\/reservasincreibledemo.shop\/resort\/wp-json\/wp\/v2\/pages\/358\/revisions\/1067"}],"up":[{"embeddable":true,"href":"https:\/\/reservasincreibledemo.shop\/resort\/wp-json\/wp\/v2\/pages\/1032"}],"wp:featuredmedia":[{"embeddable":true,"href":"https:\/\/reservasincreibledemo.shop\/resort\/wp-json\/wp\/v2\/media\/363"}],"wp:attachment":[{"href":"https:\/\/reservasincreibledemo.shop\/resort\/wp-json\/wp\/v2\/media?parent=358"}],"curies":[{"name":"wp","href":"https:\/\/api.w.org\/{rel}","templated":true}]}}